 = -3*c**2 + 4 + 16*c**2 + 7*c**2 - 3*c + 0*c**2. Is r(9) composite?
False
Suppose -1466*d + 1442*d = -252408. Is d a composite number?
True
Is (-16231824)/(-80) + 16/(-20) a prime number?
False
Suppose -2*n + 185384 = -z, 0 = -3*n - z + 199472 + 78619. Is n composite?
True
Let n(y) = 3. Let w(b) = -259*b + 60. Let j(c) = 4*n(c) + w(c). Is j(-25) a prime number?
True
Suppose -2*l = -0*l. Suppose -72*s + 61 = 3*j - 77*s, -11 = -3*j - 5*s. Suppose l = 2*n + 5*m - 463, j = 3*m - 7*m. Is n a composite number?
False
Suppose 16*c = -3*c + 38. Suppose h = -4*f + 4645, 4*h + c*f - 4201 = 14393. Is h a composite number?
False
Let o(z) = -174018*z - 1043. Is o(-2) a composite number?
True
Suppose -u + 1040 = 4*u. Let h = 560 - 669. Let w = u - h. Is w composite?
False
Is (-6112316)/(-14) - (-18 + (-4 - -13)) composite?
True
Let y be 2 + (27/6)/(-3)*2. Is 13652 + -2 - y - 2 prime?
True
Let d = -143645 - -1042794. Is d a composite number?
False
Let o(i) = -i**3 + 24*i**2 + 13*i + 47. Suppose -2*q - 2*b = 3*q - 128, 5*q - 108 = 3*b. Suppose 82 = 3*k + 5*v, 2*k = 3*k + v - q. Is o(k) prime?
True
Suppose 18*m - 21*m = 5*n - 4561946, -4561970 = -5*n + 5*m. Is n composite?
False
Let n(p) = -100 + 4658*p**2 + 195 - 97 - 3*p. Is n(-1) a prime number?
False
Suppose 3*h + 7661 = 2*g, -3*g + 356*h - 354*h + 11509 = 0. Is g prime?
False
Suppose -w + 58 = -2*d - 30, -304 = -3*w - 4*d. Suppose 2*f - w = -f. Is 16473/21 + f/56 a composite number?
True
Let k(a) = a**3 - 9*a**2 + 9*a + 1. Let t(n) = -n**3 - 2*n**2 + n + 4. Suppose 3*h + 0 = 4*q + 3, -21 = 2*q + 5*h. Let s be t(q). Is k(s) a composite number?
False
Let i be (-4)/38 - (-708)/228. Suppose 0 = -i*x + 5*x + h - 5724, 4 = 2*h. Is x prime?
True
Let t(j) = 1313*j**2 - 31*j - 130. Let y(w) = 438*w**2 - 11*w - 43. Let n(l) = -6*t(l) + 19*y(l). Is n(-6) a prime number?
False
Let l(v) = 102*v**2 - 132*v**2 + v + 1 - 576*v**2. Let h be l(-1). Let s = h + 1647. Is s a prime number?
False
Suppose 0 = 161*f - 33390683 - 45241556. Is f prime?
True
Let o = -127 - -125. Let u(n) = 220*n**2 - 2*n - 2. Let w be u(o). Let x = w + 259. Is x a composite number?
True
Is -4*((-4864365)/1260 - (-1)/(-7)) a composite number?
False
Suppose -33 = -10*z + 37. Let r = 23735 - 16134. Suppose 18*x = z*x + r. Is x prime?
True
Suppose 392*z + 24*z - 377650624 = 0. Is z a prime number?
False
Suppose 6*y - 8*y - 5*s + 31054 = 0, -2*s = 0. Is y composite?
False
Let k(r) be the second derivative of r**5/10 + 5*r**4/12 - r**3/2 - 21*r**2/2 - 665*r. Suppose -2*g = 6*w - w - 25, 2*g = -10. Is k(w) a composite number?
True
Let j = 36 + -31. Suppose -d = -5*t - 3*d + 23, -11 = 3*t - j*d. Is (11 - -46)*1/t a composite number?
False
Is (-114344400)/(-640) - 3/24 a prime number?
False
Let j(z) = 369*z**2 - 24*z + 4. Let t be j(-6). Let y = -3239 + t. Is y a prime number?
True
Suppose -1608 = -7*g + g. Let i = g - 0. Suppose 0 = 4*h - 0*h - i. Is h a composite number?
False
Suppose 3*n = 4*f + 415661, -3*f + 140612 + 275014 = 3*n. Is n a prime number?
True
Let o(k) be the first derivative of 3*k**2/2 - 65*k + 24. Let v be o(23). Suppose -3*n + v*y = -333, 111 = n + y - 5*y. Is n composite?
True
Let j(n) = 165225*n**2 - 137*n + 139. Is j(1) composite?
True
Let d be 1 + (-4)/6 - 102/(-18). Suppose -d - 15 = -3*v. Suppose 6548 = v*r - 3*r. Is r a prime number?
True
Let h(y) = y**2 - 10*y + 20. Let j be h(12). Is 370*1*4 - j/22 composite?
True
Is ((-5897945)/7)/(-5) + -4 + 20/70 a composite number?
True
Suppose -u + u - 2*u = 0. Suppose 3*x + 4*d + 9 = u, x + 4*d - 4 = -15. Is (-1)/((x/(-116)*-4)/(-5)) composite?
True
Let d(p) = -p + 200483. Is d(0) composite?
False
Suppose -411*m + 399*m + 422124 = 0. Is m composite?
True
Let v = -31 + 72. Let o = v - -74. Let h = o - 48. Is h a composite number?
False
Let d = 663547 - 264768. Is d prime?
False
Let h(k) = -k**2 + 8*k - 8. Let q be h(5). Suppose -4*d = q + 9. Let m(g) = 53*g**2 - 3*g - 9. Is m(d) prime?
False
Let g be 4 + -1 - (-1)/(3 + -2). Suppose g*j + 4*k - 28 = 0, 2*j + k - 5 = 5. Suppose -5*i + 1781 = b - 0*b, 5*i - 5383 = -j*b. Is b a composite number?
False
Let c(w) = -171*w - 66*w + 29 - 324*w + 32*w. Let u be c(-11). Suppose 0 = 5*b + 3*b - u. Is b a composite number?
True
Let m(x) = 30*x**2 - 56*x - 40. Let z be m(12). Suppose 5*o = z + 35657. Is o prime?
True
Suppose 24*u + 269 = 8333. Is u - (18/2 + -8) a prime number?
False
Suppose 185*i - 6874385 = 288*i - 138*i. Is i a prime number?
False
Let p(h) = -28*h + 5. Let o(n) = 58*n - 9. Suppose 17*u = 7*u - 110. Let f(t) = u*p(t) - 6*o(t). Is f(-21) a prime number?
True
Suppose -2*i - 393*k + 392*k = -202440, 4*i - 2*k - 404888 = 0. Is i a prime number?
True
Let p(c) = 26*c**3 + 10*c**2 - 23*c - 13. Let f be p(7). Suppose -3*t + 11072 = -2*k, -3*t = 5*k - 1873 - f. Is t composite?
True
Suppose 8*l - 14337 - 13239 = 0. Suppose 1119 = -3*h + l. Suppose -3*d + h = -1255. Is d composite?
False
Let r(i) = 74*i**2 - 5*i - 2. Suppose 5*o = -3*p + 32, -3*o + 11*p - 6*p = -26. Is r(o) composite?
True
Let r be 14/8 - 2/(-8). Is 2 + 1842/6 + (0 - r) prime?
True
Is (17916270/(-24))/((-45)/36) prime?
True
Suppose 6*h - 34 = -11*h. Is 1 - ((h - 465) + -2 + -3) composite?
True
Let i = -8946 + 14839. Is i a prime number?
False
Let x(i) = 1064*i + 43. Let c be x(3). Suppose -23*q = -28*q + c. Is q prime?
True
Is (-665282)/6*(112 + -115) a prime number?
True
Let s(w) = 29*w**3 + 24*w**2 + 27*w - 42. Let a be s(19). Suppose 28*l - a = -6*l. Is l a composite number?
True
Let f be (-83)/(((-2)/(-3))/(-2)). Let s be 1/((-2 + 5)/f) - -2. Let g = 1014 - s. Is g composite?
False
Let g(t) = t**3 - 29*t**2 + 31*t + 173. Is g(52) a composite number?
False
Let c = 427 - 49. Let t = c - -1601. Is t a prime number?
True
Suppose u - 10942 = 2*z, -75*u + 20 = -70*u. Let d = 14560 + z. Is d composite?
False
Let g = -28 + 33. Suppose g = -3*t - 13. Is 20/12*-1018*t/4 a composite number?
True
Suppose 3*c + 169545 = 3*o, -49*c = -2*o - 45*c + 113022. Is o composite?
False
Let g(b) = 97974*b - 1301. Is g(2) prime?
True
Suppose 0 = 534*a - 538*a + 3560588. Is a a prime number?
True
Let k(q) = 128983*q - 393. Is k(2) a prime number?
False
Let v(w) = 136*w - 3. Let g(d) be the first derivative of 137*d**2/2 - 3*d + 13. Let n(y) = -6*g(y) + 7*v(y). Is n(5) composite?
False
Let u = 67 + -64. Suppose -5*a - 4090 = -u*r, -3*r - a = -3*a - 4102. Suppose -3*m = 5*f - 2069, 3*m - 5*m = f - r. Is m prime?
True
Let u be (-56)/(-20) + -2 + 931236/30. Suppose -2*m + u = -3*s, -12*m = -17*m + 5*s + 77615. Is m a composite number?
False
Suppose 8*j = -p + 7*j, -3*p + 4*j = 0. Suppose p = 2*b - 933 - 15099. Suppose 10*q = -6*q + b. Is q prime?
False
Suppose 783294 = -30*r + 3124524. Is r a prime number?
True
Let c(h) = h**3 + 13*h**2 + 10*h - 24. Let u be c(-12). Suppose -3*q + 129 - 6 = u. Let g = 350 + q. Is g composite?
True
Let l be (94 - -1)*3422/145. Is l*(-8)/96*-6 a composite number?
True
Let m = 300 - 296. Suppose 0*j - m*l - 1527 = -j, j - 5*l - 1523 = 0. Is j a composite number?
False
Suppose -79255 - 169902 = -59*j. Is j a prime number?
False
Let c = 3332622 - 1454219. Is c a composite number?
False
Let q be ((-12)/24)/(1 + (-11)/10). Suppose -q*w = 3*y - 4*y - 64, -2*y = w - 15. Suppose w*d - 10524 = 682. Is d prime?
False
Let c(t) be the third derivative of 19*t**5/60 - t**4/8 - 29*t**3/6 + 47*t**2. Is c(8) a prime number?
True
Let x = 83365 + -33008. Is x a prime number?
False
Let j be 17 - 12 - (-1 - -12)*-743. Suppose -l + 7*s = 4*s - 2032, 4*l = 2*s + j. Is l a composite number?
True
Is 3 - 12 - -24*(-49699)/(-26) composite?
True
Let g = 68 - 64. Suppose g*h = -2*t + 1462, 2874 = 4*t - 7*h + 5*h. Is ((-2)/(4/t))/(1/(-2)) a composite number?
True
Is (-6 + 13)*(-11)/(88/(-92744)) composite?
True
Let n(q) = 20*q**2 - 45*q - 409. Is n(-16) a prime number?
True
Suppose 4*x + i = 13 + 275, 0 = -x - 2*i + 65. Suppose 3165 = -70*k + x*k. Is k composite?
True
Let x(i) = -52*i - 258. Let u be x(-5). Is ((-5)/(45/(-270954)))/u prime?
True
Is 2/(-12) + (-4758019)/(-42) + -7 a prime number?
True
Suppose 2*j + 2*j + 24 = 0, 15 = -5*o - 5*j. Let v be (-2)/7 - 115014/(-14). Suppose p - v = -5*t - o*p, 1643 = t + 2*p. Is t prime?
False
Suppose -17*x = -13*x - 5544. Suppose -5*k - x = -2*t, 4*k 